?
-973570
In base 11, what is -666400 + -1?
-666401
In base 7, what is 1011 + -1136?
-125
In base 14, what is -1 + -27641?
-27642
In base 13, what is 1098 + -455?
943
In base 16, what is -135b7 - -1?
-135b6
In base 4, what is -102201100 - -1?
-102201033
In base 16, what is 13 - 29a2?
-298f
In base 10, what is -207254 + -1?
-207255
In base 2, what is 111101 + -101110101?
-100111000
In base 10, what is -1611 - 12?
-1623
In base 3, what is 1100100010 + -210?
1100022100
In base 9, what is -2374 + 2501?
116
In base 9, what is 2400 - -1170?
3570
In base 8, what is 1024 + -2?
1022
In base 9, what is -2824881 - -3?
-2824877
In base 13, what is 3a - -7a?
b7
In base 8, what is 51200 - -4?
51204
In base 5, what is -22011 - -111?
-21400
In base 5, what is 300040 + 32?
300122
In base 6, what is -254 + -155410?
-200104
In base 11, what is -5 + -1442?
-1447
In base 7, what is -1 - -3352206?
3352205
In base 13, what is -187 + -106?
-290
In base 11, what is -7 + -79815?
-79821
In base 15, what is -25 + 1153a?
11515
In base 15, what is 4 + 374b8?
374bc
In base 14, what is 12927 - -8?
12931
In base 16, what is 3067 + 2?
3069
In base 16, what is -18e0e - -3?
-18e0b
In base 7, what is 21300551 - 2?
21300546
In base 4, what is -212 - 21023202?
-21030020
In base 13, what is -6882 - 3?
-6885
In base 4, what is -3 + -33300323?
-33300332
In base 12, what is 5 - -20298?
202a1
In base 4, what is 123220233 - -11?
123220310
In base 12, what is -2409bb - 0?
-2409bb
In base 7, what is 52 - 2115?
-2033
In base 8, what is 105 - -35671?
35776
In base 8, what is 2 + -7325460?
-7325456
In base 2, what is -1111100101111111100 - -10?
-1111100101111111010
In base 2, what is -11010010000100110 - -11?
-11010010000100011
In base 7, what is 3216060 + 0?
3216060
In base 4, what is 101100011 - -2?
101100013
In base 7, what is -15326 - -3?
-15323
In base 14, what is 23c + -815?
-5b7
In base 11, what is 6508 - 4?
6504
In base 3, what is -110111111 - 2011?
-110120122
In base 12, what is 47055 + 17?
47070
In base 9, what is -108 + -1082?
-1201
In base 9, what is -1836 + -352?
-2288
In base 16, what is -12a9a - 1?
-12a9b
In base 7, what is 45 - -613464?
613542
In base 4, what is -1232123 - 10?
-1232133
In base 15, what is 6e7 - -3e1?
ad8
In base 7, what is 124643 - 60?
124553
In base 4, what is 1311 + 10231?
12202
In base 15, what is 271 - 202?
6e
In base 13, what is 1 + -6c48a?
-6c489
In base 16, what is 8fa - 2e?
8cc
In base 11, what is -43 + -1a451?
-1a494
In base 13, what is -112 + -60b?
-720
In base 14, what is -21a - -2c?
-1cc
In base 6, what is -3 - -1041322?
1041315
In base 8, what is 4 + 431261?
431265
In base 2, what is 100 + -11100101101100101?
-11100101101100001
In base 6, what is 205251 - 34?
205213
In base 7, what is -6364 - -1210?
-5154
In base 8, what is -12715 - -4?
-12711
In base 14, what is -7c - -410b?
406d
In base 14, what is -1 - -67db?
67da
In base 8, what is 5002 + 21?
5023
In base 7, what is -42336 - -1?
-42335
In base 11, what is 105a11 + 4?
105a15
In base 11, what is -27 - -1016?
a9a
In base 9, what is -27 - 124251?
-124278
In base 5, what is 104441113 - 4?
104441104
In base 14, what is -8 + -3c83?
-3c8b
In base 4, what is -11000011 + 3?
-11000002
In base 5, what is -2 - 320411?
-320413
In base 14, what is -4 - 73aa6?
-73aaa
In base 15, what is 508d - -a?
5098
In base 11, what is 871 + -205?
667
In base 7, what is 1416 + 140?
1556
In base 8, what is 3007 + 62?
3071
In base 16, what is -32 + 1f30?
1efe
In base 3, what is 201101 - -10021?
211122
In base 9, what is -2 + -716216?
-716218
In base 14, what is -2 - -143b96?
143b94
In base 16, what is 62 + -74a?
-6e8
In base 7, what is 41352 + 1130?
42512
In base 5, what is 101333 - -1?
101334
In base 13, what is -6985c + -1?
-69860
In base 15, what is -3924b + -5?
-39251
In base 8, what is -5 + -11026?
-11033
In base 7, what is 444106 + -1?
444105
In base 3, what is 10 - 2121111100?
-2121111020
In base 7, what is -1434 - -4655?
3221
In base 5, what is 0 + -44043030?
-44043030
In base 7, what is 144066 + 3?
144102
In base 2, what is 1111001 + 1010000?
11001001
In base 5, what is -1 + -134322210?
-134322211
In base 11, what is 4814a1 - 4?
481498
In base 12, what is -83 + aaa0?
aa19
In base 11, what is 4a1 - a96?
-5a5
In base 7, what is 555566 + 1?
555600
In base 9, what is 71007 - -1?
71008
In base 15, what is e - -344?
353
In base 14, what is 6728a + 0?
6728a
In base 16, what is 143 + -52?
f1
In base 12, what is 9 - 3799?
-3790
In base 7, what is -3326600 + 0?
-3326600
In base 7, what is 235356614 + -5?
235356606
In base 9, what is -46227 - -45?
-46172
In base 7, what is 4 - -1150616?
1150623
In base 12, what is 276 - -166?
420
In base 8, what is -70520 - -6?
-70512
In base 12, what is -67 - a03?
-a6a
In base 11, what is 1 - -1567?
1568
In base 16, what is -262f3 + 11?
-262e2
In base 12, what is -174491 + -3?
-174494
In base 4, what is 11132302 - -30?
11132332
In base 11, what is 1443 + -110?
1333
In base 14, what is 149aaa + -4?
149aa6
In base 15, what is -64c - -57?
-5e5
In base 2, what is 1000001000101 - 101?
1000001000000
In base 16, what is 2 + 71a1?
71a3
In base 16, what is -1cc - 1503?
-16cf
In base 13, what is 35 + -558?
-523
In base 12, what is 4270 + 117?
4387
In base 5, what is 3 + -23201?
-23143
In base 10, what is -158799 - -23?
-158776
In base 16, what is -130 - -40a?
2da
In base 12, what is 2a - 3883?
-3855
In base 14, what is 2 - 6516?
-6514
In base 9, what is 80 + 782?
872
In base 4, what is -10 - 1030312323?
-1030312333
In base 15, what is 5 + 5dd?
5e3
In base 16, what is 11cf40 - -5?
11cf45
In base 8, what is 13023 + -4?
13017
In base 16, what is -54c - -3b?
-511
In base 10, what is -469 + 471?
2
In base 4, what is 31021 - 1?
31020
In base 4, what is -111201 - 1130?
-112331
In base 6, what is 2 + 123450?
123452
In base 16, what is f9 + -a6a?
-971
In base 15, what is -1273 - -27?
-124b
In base 3, what is 20022110210 - 0?
20022110210
In base 5, what is -1403 - -123?
-1230
In base 13, what is 3427 + -52?
33a5
In base 3, what is 10000011 - 121?
2222120
In base 5, what is -111 + -202330?
-202441
In base 6, what is 14 - 135214?
-135200
In base 11, what is a7 + 48?
144
In base 6, what is 50050 - -31?
50121
In base 14, what is -48278 + 10?
-48268
In base 3, what is 21111 + -10222?
10112
In base 4, what is 10 + 302321211?
302321221
In base 13, what is 16c - 6513?
-6374
In base 16, what is 6b - -1237?
12a2
In base 3, what is -11020222020010 + 2?
-11020222020001
In base 2, what is -1100 - -111?
-101
In base 5, what is -302 + 334410?
334103
In base 7, what is 10 + -11405?
-11365
In base 2, what is -1 + 101010111000001010?
101010111000001001
In base 5, what is -102 + 133210?
133103
In base 8, what is -1 - -1750131?
1750130
In base 4, what is -222301 + -1?
-222302
In base 14, what is 7 + 1d609?
1d612
In base 5, what is -132102 - -1?
-132101
In base 3, what is -121222122 + 1202?
-121220220
In base 2, what is 10 - 1000010001101000?
-1000010001100110
In base 14, what is -a8b175 + 1?
-a8b174
In base 2, what is -111110000010100 - 1111?
-111110000100011
In base 2, what is 11010100000110 - 100?
11010100000010
In base 2, what is 1111011110110111 - -10?
1111011110111001
In base 11, what is -67 + 3a?
-28
In base 4, what is 10 + 2313223032?
2313223102
In base 13, what is 124cb6 - -2?
124cb8
In base 14, what is 4432 + -98?
4378
In base 12, what is -4 + 58197?
58193
In base 13, what is 158a - -15?
15a2
In base 15, what is a08e - -3?
a092
In base 16, what is 0 + -ddd?
-ddd
In base 13, what is 78c37b + 3?
78c381
In base 6, what is 222 - -43030?
43252
In base 12, what is -1608 - 35?
-1641
In base 3, what is 11102211112 + -22?
11102211020
In base 3, what is -10000210 + 211111?
-2012022
In base 2, what is 10100101010000 - -1?
10100101010001
In base 15, what is 4 - -eb930?
eb934
In base 10, what is -2573 - -80?
-2493
In base 8, what is -2331630 - 4?
-2331634
In base 6, what is 2 + -400354?
-400352
In base 12, what is 2b8 - 19?
29b
In base 15, what is -3 - -200e?
200b
In base 12, what is 1436 - -1615?
2a4b
In base 5, what is -12012 - -4?
-12003
In base 9, what is 630 + -1075?
-345
In base 2, what is 10011111100100001010101 + -1?
10011111100100001010100
In base 9, what is -11706 - -20?
-11676
In base 12, what is -3b - a42?
-a81
In base